{"id":2517,"date":"2015-01-03T17:52:16","date_gmt":"2015-01-03T17:52:16","guid":{"rendered":"http:\/\/www.grande-ecuelle.fr\/?page_id=2517"},"modified":"2026-03-28T16:52:08","modified_gmt":"2026-03-28T16:52:08","slug":"accueil","status":"publish","type":"page","link":"https:\/\/www.grande-ecuelle.fr\/","title":{"rendered":"Page_deroulante"},"content":{"rendered":"\n\n<!-- wp:themify-builder\/canvas \/-->","protected":false},"excerpt":{"rendered":"","protected":false},"author":1,"featured_media":0,"parent":0,"menu_order":0,"comment_status":"closed","ping_status":"open","template":"","meta":{"footnotes":""},"class_list":["post-2517","page","type-page","status-publish","hentry","has-post-title","has-post-date","has-post-category","has-post-tag","has-post-comment","has-post-author",""],"builder_content":"<p>Bienvenue<br \/> dans le g\u00eete de Grande-Ecuelle.<\/p>\n<p>Et\u00e9 comme Hiver, soyez les bienvenus dans le g\u00eete de Grande-Ecuelle. Qu\u2019il s\u2019agisse d\u2019un s\u00e9jour temporaire, de vacances ou d\u2019un week-end au calme, V\u00e9ronique et Alain BILLIARD vous accueillent.<\/p> <p>Le g\u00eete est homologu\u00e9 3 \u00e9pis \"G\u00eetes de France\"et meubl\u00e9 de tourisme ***.<\/p> <p><em>Welcome to the \"G\u00eete de la Grande Ecuelle\", hosted since May 2006 by Veronique and Alain BILLIARD. Wether you are just stopping over, planning a short weekend break or a longer holiday, the cottage is open all year, and is licensed \"3 \u00e9pis NN G\u00eetes de France\".<\/em><\/p>\n<a href=\"http:\/\/www.anjou-tourisme.com\" target=\"_blank\" rel=\"noopener\"> <img src=\"data:image\/svg+xml,%3Csvg%20xmlns=%27http:\/\/www.w3.org\/2000\/svg%27%20width='245'%20height='211'%20viewBox=%270%200%20245%20211%27%3E%3C\/svg%3E\" loading=\"lazy\" data-lazy=\"1\" data-tf-not-load=\"1\" style=\"background:linear-gradient(to right,#000000 25%,#88ba14 25% 50%,#000000 50% 75%,#000000 75%),linear-gradient(to right,#88ba14 25%,#669210 25% 50%,#68a755 50% 75%,#000000 75%),linear-gradient(to right,#000000 25%,#80b524 25% 50%,#239480 50% 75%,#239480 75%),linear-gradient(to right,#000000 25%,#000000 25% 50%,#239480 50% 75%,#000000 75%)\" decoding=\"async\" data-tf-src=\"http:\/\/www.grande-ecuelle.fr\/wp-content\/uploads\/2015\/02\/logo-anjou-cultivons-emotion1.png\" width=\"200\" height=\"200\" title=\"Page_deroulante\" alt=\"Page_deroulante\"><noscript><img data-tf-not-load data-no-script src=\"http:\/\/www.grande-ecuelle.fr\/wp-content\/uploads\/2015\/02\/logo-anjou-cultivons-emotion1.png\" width=\"200\" height=\"200\" title=\"Page_deroulante\" alt=\"Page_deroulante\"><\/noscript> <\/a> <a href=\"http:\/\/www.gites-de-france.com\" target=\"_blank\" rel=\"noopener\"> <img src=\"data:image\/svg+xml,%3Csvg%20xmlns=%27http:\/\/www.w3.org\/2000\/svg%27%20width='1417'%20height='1417'%20viewBox=%270%200%201417%201417%27%3E%3C\/svg%3E\" loading=\"lazy\" data-lazy=\"1\" data-tf-not-load=\"1\" decoding=\"async\" data-tf-src=\"http:\/\/www.grande-ecuelle.fr\/wp-content\/uploads\/2015\/02\/GDF_logo_sans_ombre1.png\" width=\"200\" height=\"200\" title=\"Page_deroulante\" alt=\"Page_deroulante\"><noscript><img data-tf-not-load data-no-script src=\"http:\/\/www.grande-ecuelle.fr\/wp-content\/uploads\/2015\/02\/GDF_logo_sans_ombre1.png\" width=\"200\" height=\"200\" title=\"Page_deroulante\" alt=\"Page_deroulante\"><\/noscript> <\/a>\n<p>\u00a0<\/p><p>\u00a0<\/p><p>\u00a0<\/p><p>\u00a0<\/p><p>\u00a0<\/p><p>\u00a0<\/p>\n<p>\u00a0Pour venir nous voir...<\/p>\n<p>La propri\u00e9t\u00e9 est situ\u00e9e au coeur de l\u2019Anjou et de son vignoble, \u00e0 proximit\u00e9 de la Loire, de ses ch\u00e2teaux et de ses troglodytes, \u00e0 l\u2019entr\u00e9e du parc naturel r\u00e9gional Loire-Anjou-Touraine.<br>Pour venir nous rendre visite...<br>D\u2019Angers, prendre la direction de Saumur par les bords de Loire. A 20 Km, St Mathurin sur Loire, traverser la Loire en prenant la direction de Brissac. A 1,5 km \u00e0 partir du lieu-dit le \u201cBourg dion\u201d, vous \u00eates arriv\u00e9s !<\/p> <p><em>The estate is located in the centre of Anjou r\u00e9gion and is surrounded by wineyards, close to the Loire Valley, wich is renowed for its castles, \u201ctroglodytes\u201d (underground caves) and Loire-Anjou-Touraine Natural Regional Park.Follow these directions to Grande Ecuelle...<\/em><br><em>From Angers ; follow direction to Saumur, driving along the Loire river. Around 20km on you will come to the village of St Mathurin sur Loire. Cross the river on a dark green bridge following the direction to Brissac. You will find us just 1,5 km after the area \u201cLe Bourg Dion\u201d.<\/em><\/p>\n[osm_map_v3 map_center=\"47.3863,-0.3596\" zoom=\"11.0\" width=\"100%\" height=\"530\" map_border=\"thin solid black\" post_markers=\"1\" control=\"fullscreen,scaleline,mouseposition\"]\n<p><br \/><br \/><br \/><br \/><br \/><br \/><br \/><br \/><br \/><br \/><br \/><br \/><br \/><br \/><\/p>\n<h6>Aper\u00e7u<\/h6>\n<p>Le domaine de Grande-Ecuelle s\u2019\u00e9tend sur 14 hectares. Il se compose d\u2019un ensemble de b\u00e2timents du XVIIi\u00e8me au XIXieme si\u00e8cle, avec en particulier un moulin et un chai. Les g\u00eetes se trouvent dans les d\u00e9pendances, que nous avons restaur\u00e9es avec le respect que le lieu imposait, optant parfois pour une certaine modernit\u00e9.<\/p> <p><em>The tenure of Grande-Ecuelle spans fourteen acres and is composed of a cluster of buidings from the 18th to the 19th century and features a windmill and a \u201cChai\u201d (wine cellar). The gites have been designed to be fully integrated with one of the old buildings wich was restored, yet at the same time, offering a modern interpretation of the architecture.<\/em><\/p>\n<img src=\"data:image\/svg+xml,%3Csvg%20xmlns=%27http:\/\/www.w3.org\/2000\/svg%27%20width='350'%20height='350'%20viewBox=%270%200%20350%20350%27%3E%3C\/svg%3E\" loading=\"lazy\" data-lazy=\"1\" data-tf-not-load=\"1\" style=\"background:linear-gradient(to right,#91b6e2 25%,#a1bde4 25% 50%,#c3d3ed 50% 75%,#fefdfb 75%),linear-gradient(to right,#9eb8db 25%,#a4c0e5 25% 50%,#e8e6f1 50% 75%,#d5d7e3 75%),linear-gradient(to right,#97a5a8 25%,#aac0e9 25% 50%,#b5c2d2 50% 75%,#93a0a9 75%),linear-gradient(to right,#383927 25%,#4a3d34 25% 50%,#494e37 50% 75%,#95a6a0 75%)\" decoding=\"async\" data-tf-src=\"https:\/\/www.grande-ecuelle.fr\/wp-content\/uploads\/2026\/03\/Graminees_ciel_bleu-e1426427153349.jpg\" width=\"350\" height=\"250\" title=\"Graminees_ciel_bleu-e1426427153349\" alt=\"Graminees_ciel_bleu-e1426427153349\"><noscript><img data-tf-not-load data-no-script src=\"https:\/\/www.grande-ecuelle.fr\/wp-content\/uploads\/2026\/03\/Graminees_ciel_bleu-e1426427153349.jpg\" width=\"350\" height=\"250\" title=\"Graminees_ciel_bleu-e1426427153349\" alt=\"Graminees_ciel_bleu-e1426427153349\"><\/noscript> <img src=\"data:image\/svg+xml,%3Csvg%20xmlns=%27http:\/\/www.w3.org\/2000\/svg%27%20width='350'%20height='350'%20viewBox=%270%200%20350%20350%27%3E%3C\/svg%3E\" loading=\"lazy\" data-lazy=\"1\" data-tf-not-load=\"1\" style=\"background:linear-gradient(to right,#9fc04b 25%,#a6c43e 25% 50%,#9ec933 50% 75%,#97c145 75%),linear-gradient(to right,#a8cc52 25%,#aacd4b 25% 50%,#aab58b 50% 75%,#a6ca4c 75%),linear-gradient(to right,#91c439 25%,#99a670 25% 50%,#8859cb 50% 75%,#9cc841 75%),linear-gradient(to right,#94c140 25%,#5b5351 25% 50%,#a5d43a 50% 75%,#8bbf43 75%)\" decoding=\"async\" data-tf-src=\"https:\/\/www.grande-ecuelle.fr\/wp-content\/uploads\/2026\/03\/Fleur-e1426419211539.jpg\" width=\"350\" height=\"250\" title=\"Fleur-e1426419211539\" alt=\"Fleur-e1426419211539\"><noscript><img data-tf-not-load data-no-script src=\"https:\/\/www.grande-ecuelle.fr\/wp-content\/uploads\/2026\/03\/Fleur-e1426419211539.jpg\" width=\"350\" height=\"250\" title=\"Fleur-e1426419211539\" alt=\"Fleur-e1426419211539\"><\/noscript> <img src=\"data:image\/svg+xml,%3Csvg%20xmlns=%27http:\/\/www.w3.org\/2000\/svg%27%20width='350'%20height='350'%20viewBox=%270%200%20350%20350%27%3E%3C\/svg%3E\" loading=\"lazy\" data-lazy=\"1\" data-tf-not-load=\"1\" style=\"background:linear-gradient(to right,#0f6db3 25%,#1671b7 25% 50%,#1b73ba 50% 75%,#0b6db4 75%),linear-gradient(to right,#1673b8 25%,#146ead 25% 50%,#1870b0 50% 75%,#1c74bb 75%),linear-gradient(to right,#1d74b7 25%,#1e73b4 25% 50%,#1f72b4 50% 75%,#1e7bc1 75%),linear-gradient(to right,#1576ba 25%,#287ac3 25% 50%,#5f87ba 50% 75%,#9b9bb3 75%)\" decoding=\"async\" data-tf-src=\"https:\/\/www.grande-ecuelle.fr\/wp-content\/uploads\/2026\/03\/Lune_ciel_bleu-e1426427756458.jpg\" width=\"350\" height=\"250\" title=\"Lune_ciel_bleu-e1426427756458\" alt=\"Lune_ciel_bleu-e1426427756458\"><noscript><img data-tf-not-load data-no-script src=\"https:\/\/www.grande-ecuelle.fr\/wp-content\/uploads\/2026\/03\/Lune_ciel_bleu-e1426427756458.jpg\" width=\"350\" height=\"250\" title=\"Lune_ciel_bleu-e1426427756458\" alt=\"Lune_ciel_bleu-e1426427756458\"><\/noscript> . <img src=\"data:image\/svg+xml,%3Csvg%20xmlns=%27http:\/\/www.w3.org\/2000\/svg%27%20width='349'%20height='349'%20viewBox=%270%200%20349%20349%27%3E%3C\/svg%3E\" loading=\"lazy\" data-lazy=\"1\" data-tf-not-load=\"1\" style=\"background:linear-gradient(to right,#10192a 25%,#8ccafb 25% 50%,#8ec5fb 50% 75%,#7fbaf2 75%),linear-gradient(to right,#2f3437 25%,#182d3e 25% 50%,#263b40 50% 75%,#3f4738 75%),linear-gradient(to right,#70685b 25%,#85755e 25% 50%,#7b674f 50% 75%,#997855 75%),linear-gradient(to right,#2e2b24 25%,#373e1f 25% 50%,#73766b 50% 75%,#515561 75%)\" decoding=\"async\" data-tf-src=\"https:\/\/www.grande-ecuelle.fr\/wp-content\/uploads\/2026\/03\/Loire_bord_2-e1425847116626.jpg\" width=\"350\" height=\"250\" title=\"Loire_bord_2-e1425847116626\" alt=\"Loire_bord_2-e1425847116626\"><noscript><img data-tf-not-load data-no-script src=\"https:\/\/www.grande-ecuelle.fr\/wp-content\/uploads\/2026\/03\/Loire_bord_2-e1425847116626.jpg\" width=\"350\" height=\"250\" title=\"Loire_bord_2-e1425847116626\" alt=\"Loire_bord_2-e1425847116626\"><\/noscript> <img src=\"data:image\/svg+xml,%3Csvg%20xmlns=%27http:\/\/www.w3.org\/2000\/svg%27%20width='350'%20height='350'%20viewBox=%270%200%20350%20350%27%3E%3C\/svg%3E\" loading=\"lazy\" data-lazy=\"1\" data-tf-not-load=\"1\" style=\"background:linear-gradient(to right,#616254 25%,#f1fcfe 25% 50%,#d4e6f4 50% 75%,#1f2d2e 75%),linear-gradient(to right,#7b796d 25%,#385525 25% 50%,#716b5b 50% 75%,#8d8c78 75%),linear-gradient(to right,#85857b 25%,#20211b 25% 50%,#11120a 50% 75%,#978d74 75%),linear-gradient(to right,#6e6e62 25%,#567120 25% 50%,#466812 50% 75%,#306201 75%)\" decoding=\"async\" data-tf-src=\"https:\/\/www.grande-ecuelle.fr\/wp-content\/uploads\/2026\/03\/LGE_grille_nord_paint-e1426420861659.jpg\" width=\"350\" height=\"250\" title=\"LGE_grille_nord_paint-e1426420861659\" alt=\"LGE_grille_nord_paint-e1426420861659\"><noscript><img data-tf-not-load data-no-script src=\"https:\/\/www.grande-ecuelle.fr\/wp-content\/uploads\/2026\/03\/LGE_grille_nord_paint-e1426420861659.jpg\" width=\"350\" height=\"250\" title=\"LGE_grille_nord_paint-e1426420861659\" alt=\"LGE_grille_nord_paint-e1426420861659\"><\/noscript> <img src=\"data:image\/svg+xml,%3Csvg%20xmlns=%27http:\/\/www.w3.org\/2000\/svg%27%20width='349'%20height='349'%20viewBox=%270%200%20349%20349%27%3E%3C\/svg%3E\" loading=\"lazy\" data-lazy=\"1\" data-tf-not-load=\"1\" style=\"background:linear-gradient(to right,#d4d3d8 25%,#d7d6db 25% 50%,#6c5217 50% 75%,#50361b 75%),linear-gradient(to right,#cdd0d7 25%,#b8b4b5 25% 50%,#171307 50% 75%,#151509 75%),linear-gradient(to right,#eab87b 25%,#9d9f94 25% 50%,#f4b98d 50% 75%,#c3b08f 75%),linear-gradient(to right,#c6a846 25%,#e5b256 25% 50%,#de9f50 50% 75%,#dc994b 75%)\" decoding=\"async\" data-tf-src=\"https:\/\/www.grande-ecuelle.fr\/wp-content\/uploads\/2026\/03\/LGE_Jardin_2-e1425847029333.jpg\" width=\"350\" height=\"250\" title=\"LGE_Jardin_2-e1425847029333\" alt=\"LGE_Jardin_2-e1425847029333\"><noscript><img data-tf-not-load data-no-script src=\"https:\/\/www.grande-ecuelle.fr\/wp-content\/uploads\/2026\/03\/LGE_Jardin_2-e1425847029333.jpg\" width=\"350\" height=\"250\" title=\"LGE_Jardin_2-e1425847029333\" alt=\"LGE_Jardin_2-e1425847029333\"><\/noscript> <img src=\"data:image\/svg+xml,%3Csvg%20xmlns=%27http:\/\/www.w3.org\/2000\/svg%27%20width='349'%20height='349'%20viewBox=%270%200%20349%20349%27%3E%3C\/svg%3E\" loading=\"lazy\" data-lazy=\"1\" data-tf-not-load=\"1\" style=\"background:linear-gradient(to right,#e2bd86 25%,#d8b07c 25% 50%,#eeca96 50% 75%,#ddb381 75%),linear-gradient(to right,#c0905f 25%,#ecbf84 25% 50%,#cba469 50% 75%,#774915 75%),linear-gradient(to right,#574634 25%,#5c4130 25% 50%,#c39853 50% 75%,#c59958 75%),linear-gradient(to right,#d5a670 25%,#cb9d62 25% 50%,#dab277 50% 75%,#cca272 75%)\" decoding=\"async\" data-tf-src=\"https:\/\/www.grande-ecuelle.fr\/wp-content\/uploads\/2026\/03\/Campagne_paille-e1426427679505.jpg\" width=\"350\" height=\"250\" title=\"Campagne_paille-e1426427679505\" alt=\"Campagne_paille-e1426427679505\"><noscript><img data-tf-not-load data-no-script src=\"https:\/\/www.grande-ecuelle.fr\/wp-content\/uploads\/2026\/03\/Campagne_paille-e1426427679505.jpg\" width=\"350\" height=\"250\" title=\"Campagne_paille-e1426427679505\" alt=\"Campagne_paille-e1426427679505\"><\/noscript> <img src=\"data:image\/svg+xml,%3Csvg%20xmlns=%27http:\/\/www.w3.org\/2000\/svg%27%20width='349'%20height='349'%20viewBox=%270%200%20349%20349%27%3E%3C\/svg%3E\" loading=\"lazy\" data-lazy=\"1\" data-tf-not-load=\"1\" style=\"background:linear-gradient(to right,#0b1f14 25%,#162703 25% 50%,#050800 50% 75%,#1b3505 75%),linear-gradient(to right,#d1ccb8 25%,#7f8770 25% 50%,#294900 50% 75%,#86ac47 75%),linear-gradient(to right,#3d4b32 25%,#4d443b 25% 50%,#423d27 50% 75%,#50563a 75%),linear-gradient(to right,#555f5e 25%,#2a3022 25% 50%,#605130 50% 75%,#d7cd98 75%)\" decoding=\"async\" data-tf-src=\"https:\/\/www.grande-ecuelle.fr\/wp-content\/uploads\/2026\/03\/LGE_bac_a_sable-e1425847265156.jpg\" width=\"350\" height=\"250\" title=\"LGE_bac_a_sable-e1425847265156\" alt=\"LGE_bac_a_sable-e1425847265156\"><noscript><img data-tf-not-load data-no-script src=\"https:\/\/www.grande-ecuelle.fr\/wp-content\/uploads\/2026\/03\/LGE_bac_a_sable-e1425847265156.jpg\" width=\"350\" height=\"250\" title=\"LGE_bac_a_sable-e1425847265156\" alt=\"LGE_bac_a_sable-e1425847265156\"><\/noscript> <img src=\"data:image\/svg+xml,%3Csvg%20xmlns=%27http:\/\/www.w3.org\/2000\/svg%27%20width='350'%20height='350'%20viewBox=%270%200%20350%20350%27%3E%3C\/svg%3E\" loading=\"lazy\" data-lazy=\"1\" data-tf-not-load=\"1\" style=\"background:linear-gradient(to right,#fefde1 25%,#b97c45 25% 50%,#672a18 50% 75%,#73310f 75%),linear-gradient(to right,#fdfde1 25%,#8a5b47 25% 50%,#863f15 50% 75%,#904b12 75%),linear-gradient(to right,#fffed8 25%,#a97156 25% 50%,#5e4236 50% 75%,#874012 75%),linear-gradient(to right,#d6b187 25%,#884220 25% 50%,#7e3b11 50% 75%,#833602 75%)\" decoding=\"async\" data-tf-src=\"https:\/\/www.grande-ecuelle.fr\/wp-content\/uploads\/2026\/03\/Chevaux_flambee-e1426427604289.jpg\" width=\"350\" height=\"250\" title=\"Chevaux_flambee-e1426427604289\" alt=\"Chevaux_flambee-e1426427604289\"><noscript><img data-tf-not-load data-no-script src=\"https:\/\/www.grande-ecuelle.fr\/wp-content\/uploads\/2026\/03\/Chevaux_flambee-e1426427604289.jpg\" width=\"350\" height=\"250\" title=\"Chevaux_flambee-e1426427604289\" alt=\"Chevaux_flambee-e1426427604289\"><\/noscript> <img src=\"data:image\/svg+xml,%3Csvg%20xmlns=%27http:\/\/www.w3.org\/2000\/svg%27%20width='349'%20height='349'%20viewBox=%270%200%20349%20349%27%3E%3C\/svg%3E\" loading=\"lazy\" data-lazy=\"1\" data-tf-not-load=\"1\" style=\"background:linear-gradient(to right,#99acb2 25%,#264b80 25% 50%,#043764 50% 75%,#004a6f 75%),linear-gradient(to right,#418092 25%,#707497 25% 50%,#7ecffa 50% 75%,#22676e 75%),linear-gradient(to right,#64a7f8 25%,#76d8fd 25% 50%,#5a4242 50% 75%,#4fa8fc 75%),linear-gradient(to right,#7fb8ff 25%,#7fc3f2 25% 50%,#79bafa 50% 75%,#69b0fe 75%)\" decoding=\"async\" data-tf-src=\"https:\/\/www.grande-ecuelle.fr\/wp-content\/uploads\/2026\/03\/montgolfiere_dessous-e1426427548739.jpg\" width=\"350\" height=\"250\" title=\"montgolfiere_dessous-e1426427548739\" alt=\"montgolfiere_dessous-e1426427548739\"><noscript><img data-tf-not-load data-no-script src=\"https:\/\/www.grande-ecuelle.fr\/wp-content\/uploads\/2026\/03\/montgolfiere_dessous-e1426427548739.jpg\" width=\"350\" height=\"250\" title=\"montgolfiere_dessous-e1426427548739\" alt=\"montgolfiere_dessous-e1426427548739\"><\/noscript>\nGite de belle \u00e9cuelle\n[robo-gallery id=3485]\nLoire et environnement\n[robo-gallery id=3504]\n[robo-gallery id=3504]\n<p>\u00a0<\/p> <p>\u00a0<\/p> <p>\u00a0<\/p> <p>\u00a0<\/p> <p>\u00a0<\/p> <p>\u00a0<\/p>\n<p>\u00a0<\/p> <p>Tarifs<\/p>\n\n<p>\u00a0<\/p><p>\u00a0<\/p><p>\u00a0<\/p><p>\u00a0<\/p><p>\u00a0<\/p><p>\u00a0<\/p><p>\u00a0<\/p>\n<p style=\\\"text-align: center;\\\"><br \/><br \/><br \/><br \/>Liens amis et nouvelles<\/p>","_links":{"self":[{"href":"https:\/\/www.grande-ecuelle.fr\/index.php?rest_route=\/wp\/v2\/pages\/2517","targetHints":{"allow":["GET"]}}],"collection":[{"href":"https:\/\/www.grande-ecuelle.fr\/index.php?rest_route=\/wp\/v2\/pages"}],"about":[{"href":"https:\/\/www.grande-ecuelle.fr\/index.php?rest_route=\/wp\/v2\/types\/page"}],"author":[{"embeddable":true,"href":"https:\/\/www.grande-ecuelle.fr\/index.php?rest_route=\/wp\/v2\/users\/1"}],"replies":[{"embeddable":true,"href":"https:\/\/www.grande-ecuelle.fr\/index.php?rest_route=%2Fwp%2Fv2%2Fcomments&post=2517"}],"version-history":[{"count":195,"href":"https:\/\/www.grande-ecuelle.fr\/index.php?rest_route=\/wp\/v2\/pages\/2517\/revisions"}],"predecessor-version":[{"id":3519,"href":"https:\/\/www.grande-ecuelle.fr\/index.php?rest_route=\/wp\/v2\/pages\/2517\/revisions\/3519"}],"wp:attachment":[{"href":"https:\/\/www.grande-ecuelle.fr\/index.php?rest_route=%2Fwp%2Fv2%2Fmedia&parent=2517"}],"curies":[{"name":"wp","href":"https:\/\/api.w.org\/{rel}","templated":true}]}}